 (-21 - -6) + -12.
32
Evaluate 11 - (-15 - -20) - 14.
-8
Evaluate 14 + (-51 - -35) - (1 - -12).
-15
Calculate 5 + (47 - 26) + (-12 - -2).
16
-1 + -8 + 14 - (12 - 3)
-4
Calculate -16 + (-1 - -3 - (-17 + 6)) + -7.
-10
What is -15 + (-12 - -8) - -12?
-7
What is the value of -7 - (3 + (4 - 0) + -15)?
1
Evaluate -7 - (6 - (0 + -6 - (2 + -5))).
-16
What is -17 - 6 - (5 + -4 + -6)?
-18
Evaluate -28 - (-44 - -28) - -2.
-10
-20 + 10 - (-15 - 12)
17
What is the value of (5 + -1 - 1) + -20 + 27?
10
Evaluate 5 + (9 + -3 - 0).
11
What is -1 + -2 + (-7 - (6 + 4)) + 12?
-8
What is (-1 - -8 - 26) + 8 - (-17 - 7)?
13
40 + (2 + -9 - -3 - (-21 - -24))
33
What is the value of 77 + -116 - (-6 + -2 + 0 + 4)?
-35
2 - (2 + (0 - (7 + -4) - -19))
-16
4 + -33 + -3 + 17
-15
What is the value of 0 - (8 + 2 + 9 + -4)?
-15
What is the value of 3 - ((5 - (15 + -16)) + (-8 - 0))?
5
What is -16 - (7 + (2 - -3) + -52)?
24
-2 + -2 + (10 - 1 - (8 + -23))
20
Evaluate 16 + (44 + -67 - -11).
4
35 + (-4 - 23) - 21
-13
What is 19 - 8 - -10 - (5 + (7 - 4))?
13
What is (31 - 30) + -18 - (-1 - 8)?
-8
What is the value of 0 + 5 + (-110 - -95)?
-10
Evaluate (-5 - 1) + (14 - 25) + 4 - 5.
-18
-47 + -36 + 61 + -1
-23
What is (-5 - (-15 + 9 - -21)) + -1?
-21
What is (-5 - 3) + -2 + (10 - -3)?
3
What is -33 - ((117 - 117) + -15 + 2)?
-20
What is the value of 2 + 3 + (-32 - -29) + -23?
-21
Calculate (0 - -2) + -2 - (-6 + 23 + -23).
6
Evaluate 3 - ((10 - (9 + 7 + 3)) + 18).
-6
(1 - -10 - (-61 - -82)) + 26
16
Calculate (-3 + 1 - (12 - 11)) + -3.
-6
Calculate 32 + -3 - (-14 - (-27 - -22)).
38
What is the value of (58 + -61 - (0 + (-3 - -6))) + 4?
-2
What is 9 + -34 + 11 + 10?
-4
Evaluate -5 + 8 + -2 + 13.
14
What is -26 + (3 + 9 - 22 - -22)?
-14
What is 26 + -9 + 5 + -9?
13
What is 445 + -437 + -1 + 3 + 5?
15
Evaluate (-4 - (7 + -4)) + 5.
-2
What is (-3 - 5) + -2 + 5 + -12?
-17
What is 37 + (-17 + 1 - (43 + -55))?
33
-18 - (-1 + 7) - -18
-6
-20 + (-36 - -31 - (-11 - (0 + 0)))
-14
What is 20 + -14 + (1 - (2 + -7) - 6)?
6
What is 1 - 21 - (1 + 7 - (14 - 9))?
-23
What is the value of 5 + -10 + -2 + 0 + 1 + 18?
12
Calculate -463 + 463 - (4 + 1 + 0).
-5
What is the value of 30 + (20 - (56 + -35))?
29
-36 + 1 + (4 - 6) - (68 - 74)
-31
What is (-23 - -19) + -13 - -3?
-14
What is the value of -1 + 9 - (29 - 18)?
-3
Evaluate -8 - (8 + (0 - (2 - -5))).
-9
What is the value of -124 + (-13 - -154) - (-7 + -1 + 0)?
25
Calculate -4 - (7 - (3 - -3)) - (3 - -1).
-9
70 - 75 - (1 - 1 - 1) - 0
-4
Evaluate (0 - -2) + -11 - (13 + (-5 - 13)).
-4
Evaluate 1 + 2 + (-5 - -19) + -10.
7
(9 + (3 - 15) - -2) + 6
5
Evaluate (-6 - (17 - 9)) + 22.
8
Calculate -17 + 29 + -2 + 6 + -11.
5
Evaluate -18 - -29 - (20 - (8 + 0 - 5)).
-6
Evaluate 4 - ((10 - -8) + -2).
-12
What is -14 - -15 - -1 - (-2 + (0 - -3))?
1
Calculate -2 - -1 - (9 - (0 - -20)).
10
Calculate 8 + (10 - (-8 + 8) - 8).
10
Calculate (-7 - -11) + -1 + (-2 + -8 - -5).
-2
Evaluate 6 - (2 + 4 - -8).
-8
Calculate -7 + 0 + 0 + -4 + 8.
-3
What is the value of (22 - 31 - (10 + 0)) + 9?
-10
What is the value of -8 + (-1 - (9 - (17 + -1)))?
-2
Evaluate -8 - (20 + 2 + -49).
19
Evaluate (0 - -14) + (-3 - 2) + (-4 - -3).
8
Calculate 27 + -24 - (10 - -1).
-8
Calculate -1 - ((-1 - 7) + (18 - 11) - 6).
6
What is -3 + 11 + -12 + -5?
-9
What is -12 + (-7 + -1 - -1) + 7?
-12
What is (6 + -8 - (-13 - 0)) + -10?
1
What is the value of (-11 - -9) + 4 + -4?
-2
Calculate (4 - -4) + 8 + -16 + 0.
0
Calculate 28 - (37 + (34 - 54)).
11
Evaluate 2 - (-23 - -37) - -21.
9
-7 + 1 + 12 + 3 + 5 + -9
5
What is -29 + 7 + 1 + -10 + 10?
-21
What is the value of 3 + 7 + -18 + -8 + 6?
-10
21 + 2 + -70 + 36
-11
Calculate 55 + -23 + (-6 - -2) + -7.
21
Calculate 0 - (-1 - (-23 + -8 + 3 - 1)).
-28
What is (-10 - -1) + -2 + -10 + 52 + -44?
-13
Calculate 1 + -4 - (-4 - -18 - 31).
14
What is (1 - -3) + (2 - (-5 - -4))?
7
What is the value of (2 + -3 - -5) + 14 + -2 + 4?
20
0 + -30 - (39 + (13 - 44) + -7)
-31
Evaluate -41 - (-32 - (35 - -8)).
34
What is the value of 2 + 7 + (1 - 3) - (50 - 58)?
15
What is 6 + -39 + 17 + 10?
-6
What is 25 - (-27 - -33 - 8)?
27
8 + (28 - (20 + -21 + (3 - -5)))
29
What is the value of -7 - (-24 - -12) - 13?
-8
(-598 - -623) + 0 + 1
26
What is -2 + (-1 - (3 + 3)) + (-9 - -19)?
1
What is 1 + 0 + -1 + (3 - -1) + -6?
-2
What is the value of -8 - ((-16 + -2 - -9) + 5 + -16)?
12
What is the value of 3 - (8 - 3 - 7) - (18 + -2)?
-11
Calculate (-14 - (-17 - -14) - 0) + 32.
21
What is 1 + (-8 + 21 + -12 - (11 + -3))?
-6
14 - (12 + (4 - 5))
3
What is (1 + 0 - -2) + 40 + -40 + -11?
-8
What is 15 + 0 + -57 + 42?
0
What is the value of (-1 - (10 - (-3 + 9))) + 10 - -8?
13
What is the value of -8 - (-11 + -9 - 6)?
18
Calculate -24 + (-6 - -15) - (-2 - (0 + 4)).
-9
Calculate 0 - (-13 - (-18 + (0 - -15))).
10
6 + -2 + (-361 - -364)
7
1 + 4 + -2 + -4 + 5
4
Evaluate -25 - (-16 + 14) - -53.
30
What is the value of 60 + -90 + 15 + -5?
-20
Evaluate (-1 + -1 + 1 - -8 - -1) + 3.
11
What is the value of 1 - (-7 - (3 - 2 - 5 - -3))?
7
Evaluate -8 - (6 - (-1 - (-12 - -3))).
-6
What is the value of 9 + -2 + 7 + -5 + 3?
12
Calculate 12 + 4 + -3 - (8 + 3 + -5).
7
Evaluate -3 + (-11 - 10 - -36).
12
What is 8 + (-2 - (-4 - 3)) + -5?
8
Calculate 12 + -38 + 9 + 0 - -5.
-12
What is the value of -12 - (8 + 6 - 13)?
-13
Calculate 5 + -18 - (1 + 8 - 10).
-12
(0 - (6 - (24 - (-6 - -15)))) + -38
-29
Calculate 0 - -3 - (30 + -31) - (67 + -84).
21
Calculate 29 + -2 + (217 - 252).
-8
What is the value of 3 - 17 - ((32 - 13) + -34)?
1
-1 + -1 + 114 + -111
1
(-65 + 66 - (1 - 2 - 0)) + 1
3
Evaluate 6 + -19 + 5 + 3.
-5
What is the value of -2 - (-9 + (-2 - 0)) - (5 + -3)?
7
6 - 7 - (-11 + 6) - -6
10
Evaluate (-3 - (15 - 11)) + -4.
-11
Evaluate (-4 - 1) + -233 + 219.
-19
Calculate -10 - (12 + -6 + -6) - -13.
3
(12 - (0 - 0)) + 11 + 5 + -11
17
What is the value of -29 + 39 - (1 - -1 - -14)?
-6
Calculate (16 - 16 - 3) + 9 + 3 + 0.
9
What is the value of 5 + -10 + -11 + 48?
32
Evaluate 49 - (41 - -7 - 26).
27
(-13 - 1) + (-50 - -57) + 14
7
Evaluate 3 - (-5 + -5 + (2 - -5)).
6
What is the value of 1 + -1 + -3 + -6 + 7 + 7?
5
2 + (1 - 1 - -6) - (73 - 72)
7
Evaluate (-6 - -20) + (10 + 11 - 13).
22
(-29 - -24) + 30 - (8 - -2)
15
What is 9 - ((28 + -32 - (1 - 1)) + -11)?
24
What is (-1 - 8) + (0 - -4) + -4?
-9
Evaluate -1 - (14 - -2) - (-18 - (13 - 27)).
-13
What is the value of 10 + (2 - (14 + -6)) + -8?
-4
-1 + 22 + 1 + -14
8
What is the value of -1 + 24 + (11 - (25 - 11 - 0))?
20
(2 + 17 - 1) + 603 + -604
17
Calculate (-15 - (9 + -9)) + (-67 - -65).
-17
What is -1 + (16 - 16) + 13?
12
Evaluate -15 + (7 - (-12 - -5)).
-1
What is (31 - -46 - 60) + (-15 - 2)?
0
What is the value of 902 - 886 - (6 - 2)?
12
What is 21 + (31 - 73 - -10)?
-11
Calculate (-72 + 29 - -74) + 3 + -1.
33
1980 + -1960 + 1 + -2 + -13
6
Evaluate -5 - (0 + 2 - 12).
5
What is (1 - 14) + (-32 - (-17 + -4))?
-24
Evaluate -35 + -10 + -14 + 21 + 12.
-26
Calculate (-3629 - -3617) + (-8 - -1) + 0.
-19
(1 - -13 - 9) + (3 - 2)
6
Calculate -9 + 0 - (25 - 43).
9
What is the value of (-39 - -7) + 1 + (19 - 9)?
-21
Calculate 7 + -4 + (3 - 3) + 7 + -16.
-6
What is -1 + 15 - (33 - 26) - (-6 + 16)?
-3
Evaluate 10 + -11 + -4 - (-20 + 0).
15
Evaluate 33 + (-23 + -23 - -35).
22
What is the value of 4 + 2 + (3 - (-2 + 3))?
8
What is the value of -2 - 12 - (-11 - -5)?
-8
Calculate 6 + -1 - (-10 - (-27 - -5)).
-7
Evaluate -2 + 3 + 0 + 11 + (4 - 41).
-25
What is (-2 - -19) + 4 - 15?
6
Evaluate (8 - (10 - -2)) + 5 + 19.
20
What is -5 - (-4 + 7) - (-7 + -4)?
3
Calculate 10 + -4 + (5 - 17).
-6
Calculate 39 + -5 - 14 - 38.
-18
-4 + 2 - (-2 - 2) - 7
-5
(0 + -38 - 0) + (65 - (-22 + 77))
-28
What is -3 + ((-37 - -13) + 16 - (0 - -5))?
-16
What is (-19 - -30) + (36 - 13)?
34
What is the value of -2 - (-4 - 9 - -13) - -17?
15
Evaluate (-20 - (-1 + -2 - -1)) + (35 - 39).
-22
(-24 - (1 + (-23 - -15))) + 4
-13
What is the value of (30 - -2 - -21) + -28?
25
Calculate -28 + (-2 - (-14 - -11)) + 12.
-15
(0 + -1 - 13) + 35 + -32 + 0
-11
What is 6 - 3 - (16 - 12 - -8)?
-9
1 + (0 + -2 - (0 + 0 + -2))
1
What is the value of 3 + (10 - 9 - (-1 + 1)) - 18?
-14
Calculate 12 + (10 - (-2 - -41)).
-17
-4 + -16 - (-7 + (-1 - -1))
-13
Calculate -11 + -1 - -9 - 5.
-8
What is 5 + 7 + (-24 - -19) + -5 + -1?
1
Calculate